{"id":14,"date":"2013-08-22T17:03:53","date_gmt":"2013-08-22T15:03:53","guid":{"rendered":"http:\/\/sebastiandiezig.com\/wordpress\/?page_id=14"},"modified":"2024-11-10T09:37:54","modified_gmt":"2024-11-10T07:37:54","slug":"biographie","status":"publish","type":"page","link":"https:\/\/sebastiandiezig.com\/wordpress\/biographie\/","title":{"rendered":"Biographie (deutsch)"},"content":{"rendered":"\n<p><strong>3. Preis&nbsp;<\/strong>Internationaler Cellowettbewerb Lugano &#8220;Gianni Bergamo&#8221; 2008<\/p>\n\n\n\n<p><strong>Spezialpreis&nbsp;<\/strong>Internationaler Cellowettbewerb Zagreb &#8220;Antonio Janigro&#8221; 2008<\/p>\n\n\n\n<p><strong>Stellvertretender Solocellist\u00a0<\/strong>des <a href=\"http:\/\/www.sinfonieorchester.ch\">Luzerner Sinfonieorchesters<\/a><\/p>\n\n\n\n<p><span style=\"color: #000000;\"><span style=\"font-family: Arial, sans-serif;\">Der Schweizer Cellist Sebastian Diezig ist ein gefragter Solist und Kammermusiker. Er studierte bei Pierre-Bernard Sudan, Marc Jaermann und schliesslich bei Thomas Demenga, bei dem er im Jahr 2008 seine Studien mit einem brillanten Solistendiplom abschloss. Diezig\u00a0ist Preistr\u00e4ger zahlreicher Wettbewerbe, besonders hervorzuheben sind sein 3. Preis am Internationalen Cellowettbewerb von Lugano (2008) sowie der Spezialpreis f\u00fcr die beste Interpretation des Pflichtst\u00fccks am Internationalen Cellowettbewerb von Zagreb (2008). Seit 2010 ist Diezig\u00a0als stellvertretender Solocellist im Luzerner Sinfonieorchester angestellt, mit welchem er als Orchestermusiker im KKL und im Luzerner Theater auftritt sowie regelm\u00e4ssig in wichtigen Musikst\u00e4dten Europas, Asiens wie auch Nord- und S\u00fcdamerikas. Als Solist trat\u00a0er mit Orchestern auf wie dem Sinfonieorchester Basel, dem Orchestra della Svizzera Italiana, dem Freiburger Kammerorchester und zahlreichen anderen mehr sowie an namhaften Festivals wie dem Lucerne Festival, Young Artists in Concert Davos, Sine Nomine Festival in Lausanne und weitere\u00a0in der Schweiz, in Deutschland, in \u00d6sterreich, in Belgien, Bulgarien und in Luxemburg. Sebastian Diezig komponiert auch. Bislang hat er unter anderem die virtuosen Solost\u00fccke <\/span><\/span><span style=\"font-family: Arial, sans-serif;\">\u201cTop Gun Variations\u201d<\/span><span style=\"color: #000000;\"><span style=\"font-family: Arial, sans-serif;\"> (2012) und <\/span><\/span><span style=\"font-family: Arial, sans-serif;\">\u201cBlues\u201d\u00a0<\/span><span style=\"color: #000000;\"><span style=\"font-family: Arial, sans-serif;\">(2007) geschrieben, uraufgef\u00fchrt und f\u00fcr <\/span><\/span><span style=\"font-family: Arial, sans-serif;\">seinen Youtube-Kanal<\/span><span style=\"color: #000000;\"><span style=\"font-family: Arial, sans-serif;\">\u00a0&#8220;MrCellissimo&#8221; eingespielt. Dort fand auch seine vielbeachtete Gesamteinspielung aller\u00a0Piatti-Capricen\u00a0statt sowie aktuell die kontinuierliche Aufnahme auf Video s\u00e4mtlicher Et\u00fcden von David Poppers High School. Diezig ist zudem Mitglied im Vector Quartett Luzern. Er\u00a0ist mit der Violinistin Paula Novoa verheiratet.<\/span><\/span><\/p>\n\n\n\n<p><strong><a href=\"http:\/\/sebastiandiezig.com\/wordpress\/karriere-highlights\/\">&gt;&gt; Karriere-Highlights<\/a><\/strong><\/p>\n","protected":false},"excerpt":{"rendered":"<p>3. Preis&nbsp;Internationaler Cellowettbewerb Lugano &#8220;Gianni Bergamo&#8221; 2008 Spezialpreis&nbsp;Internationaler Cellowettbewerb Zagreb &#8220;Antonio Janigro&#8221; 2008 Stellvertretender Solocellist\u00a0des Luzerner Sinfonieorchesters Der Schweizer Cellist Sebastian Diezig ist ein gefragter Solist und Kammermusiker. Er studierte bei Pierre-Bernard Sudan, Marc Jaermann und schliesslich bei Thomas Demenga, bei dem er im Jahr 2008 seine Studien mit einem brillanten Solistendiplom abschloss. Diezig\u00a0ist Preistr\u00e4ger [&hellip;]<\/p>\n","protected":false},"author":1,"featured_media":0,"parent":0,"menu_order":0,"comment_status":"open","ping_status":"open","template":"","meta":{"footnotes":""},"class_list":["post-14","page","type-page","status-publish","hentry"],"jetpack_sharing_enabled":true,"_links":{"self":[{"href":"https:\/\/sebastiandiezig.com\/wordpress\/wp-json\/wp\/v2\/pages\/14","targetHints":{"allow":["GET"]}}],"collection":[{"href":"https:\/\/sebastiandiezig.com\/wordpress\/wp-json\/wp\/v2\/pages"}],"about":[{"href":"https:\/\/sebastiandiezig.com\/wordpress\/wp-json\/wp\/v2\/types\/page"}],"author":[{"embeddable":true,"href":"https:\/\/sebastiandiezig.com\/wordpress\/wp-json\/wp\/v2\/users\/1"}],"replies":[{"embeddable":true,"href":"https:\/\/sebastiandiezig.com\/wordpress\/wp-json\/wp\/v2\/comments?post=14"}],"version-history":[{"count":41,"href":"https:\/\/sebastiandiezig.com\/wordpress\/wp-json\/wp\/v2\/pages\/14\/revisions"}],"predecessor-version":[{"id":4499,"href":"https:\/\/sebastiandiezig.com\/wordpress\/wp-json\/wp\/v2\/pages\/14\/revisions\/4499"}],"wp:attachment":[{"href":"https:\/\/sebastiandiezig.com\/wordpress\/wp-json\/wp\/v2\/media?parent=14"}],"curies":[{"name":"wp","href":"https:\/\/api.w.org\/{rel}","templated":true}]}}

<p><strong>3. Preis&nbsp;</strong>Internationaler Cellowettbewerb Lugano &#8220;Gianni Bergamo&#8221; 2008</p>



<p><strong>Spezialpreis&nbsp;</strong>Internationaler Cellowettbewerb Zagreb &#8220;Antonio Janigro&#8221; 2008</p>



<p><strong>Stellvertretender Solocellist </strong>des <a href="http://www.sinfonieorchester.ch">Luzerner Sinfonieorchesters</a></p>



<p><span style="color: #000000;"><span style="font-family: Arial, sans-serif;">Der Schweizer Cellist Sebastian Diezig ist ein gefragter Solist und Kammermusiker. Er studierte bei Pierre-Bernard Sudan, Marc Jaermann und schliesslich bei Thomas Demenga, bei dem er im Jahr 2008 seine Studien mit einem brillanten Solistendiplom abschloss. Diezig ist Preisträger zahlreicher Wettbewerbe, besonders hervorzuheben sind sein 3. Preis am Internationalen Cellowettbewerb von Lugano (2008) sowie der Spezialpreis für die beste Interpretation des Pflichtstücks am Internationalen Cellowettbewerb von Zagreb (2008). Seit 2010 ist Diezig als stellvertretender Solocellist im Luzerner Sinfonieorchester angestellt, mit welchem er als Orchestermusiker im KKL und im Luzerner Theater auftritt sowie regelmässig in wichtigen Musikstädten Europas, Asiens wie auch Nord- und Südamerikas. Als Solist trat er mit Orchestern auf wie dem Sinfonieorchester Basel, dem Orchestra della Svizzera Italiana, dem Freiburger Kammerorchester und zahlreichen anderen mehr sowie an namhaften Festivals wie dem Lucerne Festival, Young Artists in Concert Davos, Sine Nomine Festival in Lausanne und weitere in der Schweiz, in Deutschland, in Österreich, in Belgien, Bulgarien und in Luxemburg. Sebastian Diezig komponiert auch. Bislang hat er unter anderem die virtuosen Solostücke </span></span><span style="font-family: Arial, sans-serif;">“Top Gun Variations”</span><span style="color: #000000;"><span style="font-family: Arial, sans-serif;"> (2012) und </span></span><span style="font-family: Arial, sans-serif;">“Blues” </span><span style="color: #000000;"><span style="font-family: Arial, sans-serif;">(2007) geschrieben, uraufgeführt und für </span></span><span style="font-family: Arial, sans-serif;">seinen Youtube-Kanal</span><span style="color: #000000;"><span style="font-family: Arial, sans-serif;"> &#8220;MrCellissimo&#8221; eingespielt. Dort fand auch seine vielbeachtete Gesamteinspielung aller Piatti-Capricen statt sowie aktuell die kontinuierliche Aufnahme auf Video sämtlicher Etüden von David Poppers High School. Diezig ist zudem Mitglied im Vector Quartett Luzern. Er ist mit der Violinistin Paula Novoa verheiratet.</span></span></p>



<p><strong><a href="http://sebastiandiezig.com/wordpress/karriere-highlights/">&gt;&gt; Karriere-Highlights</a></strong></p>

<p>3. Preis&nbsp;Internationaler Cellowettbewerb Lugano &#8220;Gianni Bergamo&#8221; 2008 Spezialpreis&nbsp;Internationaler Cellowettbewerb Zagreb &#8220;Antonio Janigro&#8221; 2008 Stellvertretender Solocellist des Luzerner Sinfonieorchesters Der Schweizer Cellist Sebastian Diezig ist ein gefragter Solist und Kammermusiker. Er studierte bei Pierre-Bernard Sudan, Marc Jaermann und schliesslich bei Thomas Demenga, bei dem er im Jahr 2008 seine Studien mit einem brillanten Solistendiplom abschloss. Diezig ist Preisträger [&hellip;]</p>
