{"id":19,"date":"2013-08-22T17:05:39","date_gmt":"2013-08-22T15:05:39","guid":{"rendered":"http:\/\/sebastiandiezig.com\/wordpress\/?page_id=19"},"modified":"2024-11-10T09:34:20","modified_gmt":"2024-11-10T07:34:20","slug":"karriere-highlights","status":"publish","type":"page","link":"https:\/\/sebastiandiezig.com\/wordpress\/karriere-highlights\/","title":{"rendered":"Karriere-Highlights"},"content":{"rendered":"<h3>2024<\/h3>\n<p>Rachmaninov-Sonate in Rachmaninovs Villa Senar in Hertenstein (mit Petra Besa, Klavier).<\/p>\n<h3>2020<\/h3>\n<p>Komposition der <a href=\"https:\/\/sebastiandiezig.com\/wordpress\/product\/diezig-solo-sonata-op-3-sheet-music\/\">Solosonate op. 3<\/a><\/p>\n<h3>2019<\/h3>\n<p>Solist in den Rokoko-Variationen von Tschaikowsky mit dem Orchester der Stadt und Universit\u00e4t Fribourg in Fribourg.<\/p>\n<p>Solist im Saint-Sa\u00ebns Cellokonzert Nr. 1 am Gstaad Menuhin Festival mit dem Play@Amateurorchester unter der Leitung von Kevin Griffiths.<\/p>\n<h3>2018<\/h3>\n<p>Abschluss des &#8220;<a href=\"http:\/\/sebastiandiezig.com\/wordpress\/das-piatti-projekt-caprice-nr-12-von-12-der-abschluss-mit-kleinem-ruckblick\/\">Piatti-Projekts<\/a>&#8221; (w\u00e4hrend drei Jahren habe ich nach und nach alle Capricen Alfredo Piattis gelernt und f\u00fcr meinen Youtube-Kanal eingespielt).<\/p>\n<h3>2016<\/h3>\n<p>Dvorak-Cellokonzert mit dem Prague Symphonic Ensemble in Fribourg unter der Leitung von J\u00e9r\u00f4me Kuhn.<\/p>\n<h3><\/h3>\n<h3>2012<\/h3>\n<p>Komposition und Urauff\u00fchrung mit Live-Video-Aufnahme der <a title=\"Video: Sebastian Diezig: Top Gun Variations for cello solo (2012)\" href=\"http:\/\/sebastiandiezig.com\/wordpress\/video-sebastian-diezig-top-gun-variations-for-cello-solo-2012\/\">Top Gun Variations op. 2<\/a><\/p>\n<h3>2010<\/h3>\n<p>Solist mit dem Orchestre de Chambre Fribourgeois (<a title=\"Videos: Joseph Haydn: Cello Concerto in C-Major\" href=\"http:\/\/sebastiandiezig.com\/wordpress\/videos-joseph-haydn-cello-concerto-in-c-major\/\">Haydn Konzert C-Dur<\/a>)<\/p>\n<h3>2009<\/h3>\n<p>STELLVERTRETENDER SOLO-CELLIST\u00a0im Luzerner Sinfonie-Orchester LSO (unbefristete 100%-Anstellung seit 2010)<\/p>\n<p>EINJ\u00c4HRIGES PRAKTIKUM\u00a0im Tonhalle Orchester Z\u00fcrich (Saison 2009\/2010)<\/p>\n<p>Solist mit dem Orchestra della Svizzera Italiana in Lugano (Andr\u00e9 Caplet &#8220;Epiphanie&#8221;)<\/p>\n<p>Bach-Suiten mit Choreographie (Joachim Schloemer) am Lucerne Festival, Th\u00e9\u00e2tre de la Monnaie Br\u00fcssel, Theater Freiburg und Theater Heidelberg (zusammen mit <a href=\"http:\/\/www.mattiazappa.com\">Mattia Zappa<\/a> und <a href=\"http:\/\/www.davidpia.com\">David Pia<\/a>)<\/p>\n<h3>2008<\/h3>\n<p>DRITTER PREIS\u00a0am Internationalen Cello-Wettbewerb Lugano &#8220;Gianni Bergamo Classic Award&#8221;<\/p>\n<p>SOLISTENDIPLOM\u00a0an der Musikhochschule Basel bei Thomas Demenga<\/p>\n<p>PREIS F\u00dcR DIE BESTE INTERPRETATION DES AUFTRAGSWERKS\u00a0&#8220;La Folia&#8221; von Giovanni Sollima am Internationalen Cellowettbewerb &#8220;Antonio Janigro&#8221; in Zagreb<\/p>\n<p>ANERKENNUNGSPREIS\u00a0am Wettbewerb der Basler Orchester Gesellschaft BOG in Basel<\/p>\n<p>STIPENDIUM\u00a0am Wettbewerb der Friedl Wald Stiftung Basel<\/p>\n<p>Solist mit dem Sinfonieorchester Basel (Tschaikowsky Rokoko Variationen)<\/p>\n<h3>2007<\/h3>\n<p>KONZERTDIPLOM MIT AUSZEICHNUNG\u00a0an der Musikhochschule Basel bei Thomas Demenga<\/p>\n<h3>2006<\/h3>\n<p>Solist mit dem Sinfonieorchester Basel (Schumann Cellokonzert)<\/p>\n<h3>2004<\/h3>\n<p>LEHRDIPLOM MIT AUSZEICHNUNG\u00a0an der Musikhochschule Lausanne bei Marc Jaermann<\/p>\n<p>STIPENDIUM\u00a0am Wettbewerb\u00a0der Fondation Pierre et Ren\u00e9e Glasson, Fribourg<\/p>\n<h3>2003<\/h3>\n<p>DRITTER PREIS\u00a0am Concours de l&#8217;interpr\u00e9tation musicale de Lausanne<\/p>\n<p>EIDGEN\u00d6SSISCHE MATURA\u00a0mit Schwerpunkt Italienisch am Kollegium Heilig-Kreuz Fribourg<\/p>\n<p>REKRUTENSCHULE\u00a0in Thun<\/p>\n<h3>2002<\/h3>\n<p>ERSTER PREIS\u00a0am Schweizerischen Jugendmusikwettbewerb<\/p>\n","protected":false},"excerpt":{"rendered":"<p>2024 Rachmaninov-Sonate in Rachmaninovs Villa Senar in Hertenstein (mit Petra Besa, Klavier). 2020 Komposition der Solosonate op. 3 2019 Solist in den Rokoko-Variationen von Tschaikowsky mit dem Orchester der Stadt und Universit\u00e4t Fribourg in Fribourg. Solist im Saint-Sa\u00ebns Cellokonzert Nr. 1 am Gstaad Menuhin Festival mit dem Play@Amateurorchester unter der Leitung von Kevin Griffiths. 2018 [&hellip;]<\/p>\n","protected":false},"author":1,"featured_media":45,"parent":0,"menu_order":0,"comment_status":"open","ping_status":"open","template":"","meta":{"footnotes":""},"class_list":["post-19","page","type-page","status-publish","has-post-thumbnail","hentry"],"jetpack_sharing_enabled":true,"_links":{"self":[{"href":"https:\/\/sebastiandiezig.com\/wordpress\/wp-json\/wp\/v2\/pages\/19","targetHints":{"allow":["GET"]}}],"collection":[{"href":"https:\/\/sebastiandiezig.com\/wordpress\/wp-json\/wp\/v2\/pages"}],"about":[{"href":"https:\/\/sebastiandiezig.com\/wordpress\/wp-json\/wp\/v2\/types\/page"}],"author":[{"embeddable":true,"href":"https:\/\/sebastiandiezig.com\/wordpress\/wp-json\/wp\/v2\/users\/1"}],"replies":[{"embeddable":true,"href":"https:\/\/sebastiandiezig.com\/wordpress\/wp-json\/wp\/v2\/comments?post=19"}],"version-history":[{"count":20,"href":"https:\/\/sebastiandiezig.com\/wordpress\/wp-json\/wp\/v2\/pages\/19\/revisions"}],"predecessor-version":[{"id":4494,"href":"https:\/\/sebastiandiezig.com\/wordpress\/wp-json\/wp\/v2\/pages\/19\/revisions\/4494"}],"wp:featuredmedia":[{"embeddable":true,"href":"https:\/\/sebastiandiezig.com\/wordpress\/wp-json\/wp\/v2\/media\/45"}],"wp:attachment":[{"href":"https:\/\/sebastiandiezig.com\/wordpress\/wp-json\/wp\/v2\/media?parent=19"}],"curies":[{"name":"wp","href":"https:\/\/api.w.org\/{rel}","templated":true}]}}