{"id":4033,"date":"2021-04-28T11:44:52","date_gmt":"2021-04-28T09:44:52","guid":{"rendered":"http:\/\/sebastiandiezig.com\/wordpress\/?page_id=4033"},"modified":"2023-01-04T23:16:43","modified_gmt":"2023-01-04T21:16:43","slug":"konzerte-2022","status":"publish","type":"page","link":"https:\/\/sebastiandiezig.com\/wordpress\/konzerte-2022\/","title":{"rendered":"Konzerte 2022 (Archiv)"},"content":{"rendered":"\n<h3 class=\"wp-block-heading\">JANUAR 2022<\/h3>\n\n\n\n<p><strong>Samstag, 8.1.2022, 19h30, Werthenstein (Kunstkreis Luzern)<\/strong><br>Streichtriokonzert mit kurzen philosophischen Reden zum Thema &#8220;Inspiration&#8221;<\/p>\n\n\n\n<p>J. S. Bach: Sinfonien Nr. 1 (BWV 787) und Nr. 13 (BWV 799)<br>Jonas Erni: Urauff\u00fchrung von &#8220;Dance&#8221;, Fantasi, <strong>Kirche<\/strong>e f\u00fcr Solovioline (2021)<br>A. Dvorak: Minuaturen op. 75a<br>W. A. Mozart: Aus dem Divertimento in Es- Dur KV 563 die S\u00e4tze 1. Allegro, Menuetto 1, Menuetto 2 und Finale (Allegro).<\/p>\n\n\n\n<p>Jonas Erni (Violine)<br>Alexander Besa (Viola)<br>Sebastian Diezig (Cello)<br>Roland Marthaler (Philosoph)<\/p>\n\n\n\n<p>&#8212;<\/p>\n\n\n\n<p><strong>Sonntag, 23.1.2022, 11h, Orchesterhaus, Kriens<\/strong><\/p>\n\n\n\n<p>Erich Wolfgang Korngold (1897 &#8211; 1957): Klaviertrio op.1<br>Ludwig van Beethoven (1770 &#8211; 1827): Sinfonie Nr. 2 D-Dur op. 36 in der Fassung vom Komponisten f\u00fcr Klaviertrio<\/p>\n\n\n\n<p>Marian Rosenfeld, Klavier<br>Jonas Erni, Violine<br>Sebastian Diezig, Cello<\/p>\n\n\n\n<p>&#8212;<\/p>\n\n\n\n<p><strong>Samstag, 29.1.2022, 19h30, Meyriez, Kirche (\u201eMusik am Samstagabend\u201c)<\/strong><\/p>\n\n\n\n<p>Schubert: Quartettsatz c-moll (D703)<br>Haydn: Quartett op. 77 Nr. 1 in G-Dur \u201eKomplimentierquartett\u201c<br>Verdi: Streichquartett e-moll<\/p>\n\n\n\n<p>Vector Quartett<br>Denitza Kucera, Violine I<br>Reiko Koi, Violine II<br>Bernd Haag, Viola<br>Sebastian Diezig, Cello<\/p>\n\n\n\n<p>&#8212;<\/p>\n\n\n\n<h3 class=\"wp-block-heading\">M\u00c4RZ 2022<\/h3>\n\n\n\n<p><strong>Sonntag, 13.3.2022, 17h30, Rapperswil, Kapelle St. Ursula<\/strong><\/p>\n\n\n\n<p>Haydn: Die sieben letzte Worte<\/p>\n\n\n\n<p>Vector Quartett<br>Denitza Kucera, Violine I<br>Reiko Koi, Violine II<br>Bernd Haag, Viola<br>Sebastian Diezig, Cello<\/p>\n\n\n\n<p>&#8212;<\/p>\n\n\n\n<h3 class=\"wp-block-heading\">APRIL 2022<\/h3>\n\n\n\n<p><strong>Sonntag, 10.4.2022, 11h, Orchesterhaus, Kriens<\/strong><\/p>\n\n\n\n<p>B\u00e9la Bart\u00f3k (1881 &#8211; 1945): Streichquartett Nr. 1 op. 7 (1908\/09)<br>Claude Debussy (1862 &#8211; 1918): Streichquartett g-moll op. 10 (1893)<\/p>\n\n\n\n<p>Vector Quartett<br>Denitza Kucera, Violine I<br>Reiko Koi, Violine II<br>Bernd Haag, Viola<br>Sebastian Diezig, Cello<\/p>\n\n\n\n<p>&#8212;<\/p>\n\n\n\n<p><strong>Donnerstag, 22.4.2022, Orchesterhaus, Kriens<\/strong><\/p>\n\n\n\n<p>PRIVATES KONZERT<\/p>\n\n\n\n<p>Aus Haydn Sonnenaufgangsquartett<\/p>\n\n\n\n<p>Maciej Burdzy, Violine I<br>Agata Lazarczyk, Violine II<br>Olga Kowalczyk, Viola<br>Sebastian Diezig, Cello<\/p>\n\n\n\n<p>&#8212;<\/p>\n\n\n\n<h3 class=\"wp-block-heading\">MAI 2022<\/h3>\n\n\n\n<p><strong>Freitag, 13.5.2022, Schloss Rapperswil<\/strong><\/p>\n\n\n\n<p>Ernst Levy: Streichquintett c-moll (1916)<br>Richard Strauss: Metamorphosen, Septett-Fassung (1945), Rekonstruktion der Urfassung f\u00fcr Streichsextett und Kontrabass von Rudi Leopold<\/p>\n\n\n\n<p>Fiona Kraege, Violine<br>Jonas Erni, Violine<br>Alexander Besa, Viola<br>Madeleine Burkhalter, Viola<br>Sebastian Diezig, Cello<br>Beat Feigenwinter, Cello<br>David Desimpelaere, Kontrabass<\/p>\n\n\n\n<p>&#8212;<\/p>\n\n\n\n<p><strong>Donnerstag, 19.5.2022, Lauerz (Privates Konzert)<\/strong><\/p>\n\n\n\n<p>Werke von E. Donato, A. Piazzolla, A. Dvorak, S. Joplin, A. G. Villoldo und W. A. Mozart<\/p>\n\n\n\n<p>Patrizia Pacozzi, Violine<br>Vladimir Krasnov, Violine<br>Natascha Sprzagala, Viola<br>Sebastian Diezig, Cello<\/p>\n\n\n\n<p>&#8212;<\/p>\n\n\n\n<p><strong>Dienstag, 31.5.2022, Kastanienbaum (Privates Konzert)<\/strong><\/p>\n\n\n\n<p>Werke von J.S. Bach und W.A. Mozart<\/p>\n\n\n\n<p>Sebastian Diezig, Cello<\/p>\n\n\n\n<p>&#8212;<\/p>\n\n\n\n<h3 class=\"wp-block-heading\">JUNI 2022<\/h3>\n\n\n\n<p><strong>Mittwoch, 22.6.2022, Luzern (Privates Konzert)<\/strong><\/p>\n\n\n\n<p>Bach, 1. Cellosuite in G-Dur (Pr\u00e9lude, Allemande, Sarabande &amp; Courante)<br>Mozart, Klarinettenkonzert A-Dur 2. Satz<\/p>\n\n\n\n<p>Vincent Hering, Klarinette<br>Sebastian Diezig, Cello<\/p>\n\n\n\n<p>&#8212;<\/p>\n\n\n\n<p><strong>Sonntag, 26.6.2022, Sempach (Privates Konzert)<\/strong><\/p>\n\n\n\n<p>Haydn: Streichquartett Opus 20 Nr. 4 Hob. III:34<br>Debussy: Streichquartett Nr. 1<\/p>\n\n\n\n<p>Vector Quartett<\/p>\n\n\n\n<p>&#8212;<\/p>\n\n\n\n<h3 class=\"wp-block-heading\">AUGUST 2022<\/h3>\n\n\n\n<p><strong>Sonntag, 21.8.2022, R\u00fcschlikon (Privates Konzert)<\/strong><\/p>\n\n\n\n<p>Werke von J.S. Bach, Jules Massenet und Louis Armstrong<\/p>\n\n\n\n<p>Paula Novoa, Violine<br>Derek Nievergelt<br>Sebastian Diezig, Cello<\/p>\n\n\n\n<p>&#8212;<\/p>\n\n\n\n<h3 class=\"wp-block-heading\">SEPTEMBER 2022<\/h3>\n\n\n\n<p><strong>Samstag, 10.9.2022, 19h45, Musikschule Oberer Sempachersee<\/strong><\/p>\n\n\n\n<p>Gustav Mahler (1820 &#8211; 1911): Klavierquartett a-Moll<br>Ludwig van Beethoven (1770 &#8211; 1827): Streichtrio op. 9 Nr. 2 D-Dur<br>Wolfgang Amadeus Mozart (1756 &#8211; 1791): Klavierquartett KV 478 g-Moll<\/p>\n\n\n\n<p>Jonas Erni, Violine<br>Alexander Besa, Viola<br>Petra Besa, Klavier<br>Sebastian Diezig, Cello<\/p>\n\n\n\n<p>&#8212;<\/p>\n\n\n\n<p><strong>Sonntag, 11.9.2022, 11h, Orchesterhaus Kriens<\/strong><\/p>\n\n\n\n<p>Gustav Mahler (1820 &#8211; 1911): Klavierquartett a-Moll<br>Ludwig van Beethoven (1770 &#8211; 1827): Streichtrio op. 9 Nr. 2 D-Dur<br>Wolfgang Amadeus Mozart (1756 &#8211; 1791): Klavierquartett KV 478 g-Moll<\/p>\n\n\n\n<p>Jonas Erni, Violine<br>Alexander Besa, Viola<br>Petra Besa, Klavier<br>Sebastian Diezig, Cello<\/p>\n\n\n\n<p>&#8212;<\/p>\n\n\n\n<h3 class=\"wp-block-heading\">DEZEMBER 2022<\/h3>\n\n\n\n<p><strong>Dienstag, 27.12.2022, 17h, Blitzingen (Kirche)<\/strong><\/p>\n\n\n\n<p>Traditionelles Konzert zum Jahresabschluss<\/p>\n\n\n\n<p>Beethoven, aus der Oper &#8220;Fidelio&#8221;: &#8220;Hat man nicht auch Gold beineben&#8221;<br>Haydn, Duo f\u00fcr Violine und Violoncello Hob VI:D1<br>Donizetti, aus der Oper &#8220;La Favorita&#8221;: &#8220;A tanto amor&#8221;<br>H\u00e4ndel, Sonate Nr. IV Op. 2\/4 in F-Dur<br>Diezig, aus der Sonate f\u00fcr Violoncello Solo op. 3 (2020): 1. Satz (Andante) (Urauff\u00fchrung)<br>Mozart, aus der Oper &#8220;Die Entf\u00fchrung aus dem Serail&#8221;: &#8220;Wer ein Liebchen hat gefunden&#8221;<br>Bach, aus dem Konzert f\u00fcr Cembalo in A&#8211;Dur BWV 1055: 2. Larghetto<br>Vivaldi, aus dem Violinkonzert in F-Dur &#8220;Der Herbst&#8221;, op. 8 Nr. 3, RV293: 3. Die Jagd<br>Mozart, aus der Oper &#8220;Don Giovanni&#8221;: Arie des Leporello &#8220;Madamina, il catalogo \u00e8 questo&#8221;<\/p>\n\n\n\n<p>Bernard Maillard, Tenor<br>Silvia Nowak, Blockfl\u00f6te<br>Paula Novoa, Violine<br>Sebastian Diezig, Cello<\/p>\n","protected":false},"excerpt":{"rendered":"<p>JANUAR 2022 Samstag, 8.1.2022, 19h30, Werthenstein (Kunstkreis Luzern)Streichtriokonzert mit kurzen philosophischen Reden zum Thema &#8220;Inspiration&#8221; J. S. Bach: Sinfonien Nr. 1 (BWV 787) und Nr. 13 (BWV 799)Jonas Erni: Urauff\u00fchrung von &#8220;Dance&#8221;, Fantasi, Kirchee f\u00fcr Solovioline (2021)A. Dvorak: Minuaturen op. 75aW. A. Mozart: Aus dem Divertimento in Es- Dur KV 563 die S\u00e4tze 1. Allegro, [&hellip;]<\/p>\n","protected":false},"author":1,"featured_media":4037,"parent":0,"menu_order":0,"comment_status":"closed","ping_status":"closed","template":"","meta":{"footnotes":""},"class_list":["post-4033","page","type-page","status-publish","has-post-thumbnail","hentry"],"jetpack_sharing_enabled":true,"_links":{"self":[{"href":"https:\/\/sebastiandiezig.com\/wordpress\/wp-json\/wp\/v2\/pages\/4033","targetHints":{"allow":["GET"]}}],"collection":[{"href":"https:\/\/sebastiandiezig.com\/wordpress\/wp-json\/wp\/v2\/pages"}],"about":[{"href":"https:\/\/sebastiandiezig.com\/wordpress\/wp-json\/wp\/v2\/types\/page"}],"author":[{"embeddable":true,"href":"https:\/\/sebastiandiezig.com\/wordpress\/wp-json\/wp\/v2\/users\/1"}],"replies":[{"embeddable":true,"href":"https:\/\/sebastiandiezig.com\/wordpress\/wp-json\/wp\/v2\/comments?post=4033"}],"version-history":[{"count":22,"href":"https:\/\/sebastiandiezig.com\/wordpress\/wp-json\/wp\/v2\/pages\/4033\/revisions"}],"predecessor-version":[{"id":4191,"href":"https:\/\/sebastiandiezig.com\/wordpress\/wp-json\/wp\/v2\/pages\/4033\/revisions\/4191"}],"wp:featuredmedia":[{"embeddable":true,"href":"https:\/\/sebastiandiezig.com\/wordpress\/wp-json\/wp\/v2\/media\/4037"}],"wp:attachment":[{"href":"https:\/\/sebastiandiezig.com\/wordpress\/wp-json\/wp\/v2\/media?parent=4033"}],"curies":[{"name":"wp","href":"https:\/\/api.w.org\/{rel}","templated":true}]}}