{"id":4539,"date":"2025-03-31T08:58:39","date_gmt":"2025-03-31T06:58:39","guid":{"rendered":"https:\/\/sebastiandiezig.com\/wordpress\/?page_id=4539"},"modified":"2026-04-27T08:54:44","modified_gmt":"2026-04-27T06:54:44","slug":"konzerte-2026","status":"publish","type":"page","link":"https:\/\/sebastiandiezig.com\/wordpress\/konzerte-2026\/","title":{"rendered":"Konzerte 2026"},"content":{"rendered":"\n<h3 class=\"wp-block-heading\">JANUAR 2026<\/h3>\n\n\n\n<p><strong>Sonntag, 25.1.2026, 11h15, Kriens, Orchesterhaus<\/strong><br><a href=\"https:\/\/sinfonieorchester.ch\/de\/veranstaltung\/kammermusik-matinee-3-violoncelli\/\">https:\/\/sinfonieorchester.ch\/de\/veranstaltung\/kammermusik-matinee-3-violoncelli\/<\/a><\/p>\n\n\n\n<p>J. S. Bach, 8 Stimmige Motette &#8220;Komm, Jesu, komm&#8221; BWV 229&nbsp;<br>J. S. Bach, 1. Suite f\u00fcr Violoncello Solo BWV 1007 in der Bearbeitung von Schumann f\u00fcr Cello und Klavier bearbeitet f\u00fcr Celloensemble<br>F. Mendelssohn &#8220;Denn er hat seinen Engeln&#8221; aus \u201eElias\u201c<br>P. Casals &#8220;Song of the birds&#8221; bearbeitet f\u00fcr 8 Celli<br>J. Klengel \u201eHymnus\u201c f\u00fcr 12 Celli, bearbeitet f\u00fcr 8 Celli<br>G. Bizet Carmen-Suite in einer Bearbeitung f\u00fcr 8 Celli von Hans Hoerni<\/p>\n\n\n\n<p>Cellooktett des Luzerner Sinfonieorchesters<\/p>\n\n\n\n<p>&#8212;<\/p>\n\n\n\n<h3 class=\"wp-block-heading\">FEBRUAR 2026<\/h3>\n\n\n\n<p><strong>Samstag, 28.2.2026 19:30, Meyriez, Kirche<\/strong> (<a href=\"https:\/\/www.musik-zum-samstagabend.ch\/deutsch\/home\/demn\u00e4chst\/\">Musik zum Samstagabend<\/a>)<\/p>\n\n\n\n<p><strong>&#8220;Herz und Saiten im Dialog&#8221;<\/strong><\/p>\n\n\n\n<p>Niccol\u00f2 Paganini: Duetto No. I<br>Zolt\u00e1n Kod\u00e1ly: Duo f\u00fcr Violine und Cello op. 7<br>Wolfgang Amadeus Mozart: Duo KV 423<\/p>\n\n\n\n<p>Paula Novoa, Violine<br>Sebastian Diezig, Cello<\/p>\n\n\n\n<p>&#8212;<\/p>\n\n\n\n<h3 class=\"wp-block-heading\">M\u00c4RZ 2026<\/h3>\n\n\n\n<p><strong>Freitag, 20.3.2026, 19:30, Datum provisorisch reserviert. <\/strong><br>KlangXchange<\/p>\n\n\n\n<p>Trio Lucerna<\/p>\n\n\n\n<p>\u2014<\/p>\n\n\n\n<h3 class=\"wp-block-heading\">APRIL 2026<\/h3>\n\n\n\n<p><strong>Samstag, 11. April, 19h30, Valdivia (Chile)<\/strong>, Aula Magna UACh<\/p>\n\n\n\n<p>L. Boulanger: Dos piezas para Cello<br>F. Martin: Tr\u00edo sobre melod\u00edas populares irlandesas<br>P. I. Tchaikovsky: Souvenir de Florence<\/p>\n\n\n\n<p>Felipe Mu\u00f1oz, Violine<br>Ricardo Acu\u00f1a, Violine<br>Javier Reyes, Viola<br>Georgina Rossi, Viola<br>Sebastian Diezig, Cello<br>David Carrasco, Cello<br>Marco-Antonio Cuevas, Klavier<\/p>\n\n\n\n<p>&#8212;<\/p>\n\n\n\n<h3 class=\"wp-block-heading\">MAI 2026<\/h3>\n\n\n\n<p><strong>Sonntag, 17.5.2026, 11h15, Kriens, Orchesterhaus<\/strong><br><a href=\"https:\/\/sinfonieorchester.ch\/de\/veranstaltung\/kammermusik-matinee-7-trio-lucerna\/\">https:\/\/sinfonieorchester.ch\/de\/veranstaltung\/kammermusik-matinee-7-trio-lucerna\/<\/a><\/p>\n\n\n\n<p>Debussy, Klaviertrio in G-Dur<br>Faur\u00e9, Klavierquartett Nr. 1 in c-moll<\/p>\n\n\n\n<p>Trio Lucerna und Petra Besa, Klavier<\/p>\n\n\n\n<p>&#8212;<\/p>\n\n\n\n<h3 class=\"wp-block-heading\"><\/h3>\n","protected":false},"excerpt":{"rendered":"<p>JANUAR 2026 Sonntag, 25.1.2026, 11h15, Kriens, Orchesterhaushttps:\/\/sinfonieorchester.ch\/de\/veranstaltung\/kammermusik-matinee-3-violoncelli\/ J. S. Bach, 8 Stimmige Motette &#8220;Komm, Jesu, komm&#8221; BWV 229&nbsp;J. S. Bach, 1. Suite f\u00fcr Violoncello Solo BWV 1007 in der Bearbeitung von Schumann f\u00fcr Cello und Klavier bearbeitet f\u00fcr CelloensembleF. Mendelssohn &#8220;Denn er hat seinen Engeln&#8221; aus \u201eElias\u201cP. Casals &#8220;Song of the birds&#8221; bearbeitet f\u00fcr 8 [&hellip;]<\/p>\n","protected":false},"author":1,"featured_media":0,"parent":0,"menu_order":0,"comment_status":"closed","ping_status":"closed","template":"","meta":{"footnotes":""},"class_list":["post-4539","page","type-page","status-publish","hentry"],"jetpack_sharing_enabled":true,"_links":{"self":[{"href":"https:\/\/sebastiandiezig.com\/wordpress\/wp-json\/wp\/v2\/pages\/4539","targetHints":{"allow":["GET"]}}],"collection":[{"href":"https:\/\/sebastiandiezig.com\/wordpress\/wp-json\/wp\/v2\/pages"}],"about":[{"href":"https:\/\/sebastiandiezig.com\/wordpress\/wp-json\/wp\/v2\/types\/page"}],"author":[{"embeddable":true,"href":"https:\/\/sebastiandiezig.com\/wordpress\/wp-json\/wp\/v2\/users\/1"}],"replies":[{"embeddable":true,"href":"https:\/\/sebastiandiezig.com\/wordpress\/wp-json\/wp\/v2\/comments?post=4539"}],"version-history":[{"count":12,"href":"https:\/\/sebastiandiezig.com\/wordpress\/wp-json\/wp\/v2\/pages\/4539\/revisions"}],"predecessor-version":[{"id":4842,"href":"https:\/\/sebastiandiezig.com\/wordpress\/wp-json\/wp\/v2\/pages\/4539\/revisions\/4842"}],"wp:attachment":[{"href":"https:\/\/sebastiandiezig.com\/wordpress\/wp-json\/wp\/v2\/media?parent=4539"}],"curies":[{"name":"wp","href":"https:\/\/api.w.org\/{rel}","templated":true}]}}

<h3 class="wp-block-heading">JANUAR 2026</h3>



<p><strong>Sonntag, 25.1.2026, 11h15, Kriens, Orchesterhaus</strong><br><a href="https://sinfonieorchester.ch/de/veranstaltung/kammermusik-matinee-3-violoncelli/">https://sinfonieorchester.ch/de/veranstaltung/kammermusik-matinee-3-violoncelli/</a></p>



<p>J. S. Bach, 8 Stimmige Motette &#8220;Komm, Jesu, komm&#8221; BWV 229&nbsp;<br>J. S. Bach, 1. Suite für Violoncello Solo BWV 1007 in der Bearbeitung von Schumann für Cello und Klavier bearbeitet für Celloensemble<br>F. Mendelssohn &#8220;Denn er hat seinen Engeln&#8221; aus „Elias“<br>P. Casals &#8220;Song of the birds&#8221; bearbeitet für 8 Celli<br>J. Klengel „Hymnus“ für 12 Celli, bearbeitet für 8 Celli<br>G. Bizet Carmen-Suite in einer Bearbeitung für 8 Celli von Hans Hoerni</p>



<p>Cellooktett des Luzerner Sinfonieorchesters</p>



<p>&#8212;</p>



<h3 class="wp-block-heading">FEBRUAR 2026</h3>



<p><strong>Samstag, 28.2.2026 19:30, Meyriez, Kirche</strong> (<a href="https://www.musik-zum-samstagabend.ch/deutsch/home/demnächst/">Musik zum Samstagabend</a>)</p>



<p><strong>&#8220;Herz und Saiten im Dialog&#8221;</strong></p>



<p>Niccolò Paganini: Duetto No. I<br>Zoltán Kodály: Duo für Violine und Cello op. 7<br>Wolfgang Amadeus Mozart: Duo KV 423</p>



<p>Paula Novoa, Violine<br>Sebastian Diezig, Cello</p>



<p>&#8212;</p>



<h3 class="wp-block-heading">MÄRZ 2026</h3>



<p><strong>Freitag, 20.3.2026, 19:30, Datum provisorisch reserviert. </strong><br>KlangXchange</p>



<p>Trio Lucerna</p>



<p>—</p>



<h3 class="wp-block-heading">APRIL 2026</h3>



<p><strong>Samstag, 11. April, 19h30, Valdivia (Chile)</strong>, Aula Magna UACh</p>



<p>L. Boulanger: Dos piezas para Cello<br>F. Martin: Trío sobre melodías populares irlandesas<br>P. I. Tchaikovsky: Souvenir de Florence</p>



<p>Felipe Muñoz, Violine<br>Ricardo Acuña, Violine<br>Javier Reyes, Viola<br>Georgina Rossi, Viola<br>Sebastian Diezig, Cello<br>David Carrasco, Cello<br>Marco-Antonio Cuevas, Klavier</p>



<p>&#8212;</p>



<h3 class="wp-block-heading">MAI 2026</h3>



<p><strong>Sonntag, 17.5.2026, 11h15, Kriens, Orchesterhaus</strong><br><a href="https://sinfonieorchester.ch/de/veranstaltung/kammermusik-matinee-7-trio-lucerna/">https://sinfonieorchester.ch/de/veranstaltung/kammermusik-matinee-7-trio-lucerna/</a></p>



<p>Debussy, Klaviertrio in G-Dur<br>Fauré, Klavierquartett Nr. 1 in c-moll</p>



<p>Trio Lucerna und Petra Besa, Klavier</p>



<p>&#8212;</p>



<h3 class="wp-block-heading"></h3>

<p>JANUAR 2026 Sonntag, 25.1.2026, 11h15, Kriens, Orchesterhaushttps://sinfonieorchester.ch/de/veranstaltung/kammermusik-matinee-3-violoncelli/ J. S. Bach, 8 Stimmige Motette &#8220;Komm, Jesu, komm&#8221; BWV 229&nbsp;J. S. Bach, 1. Suite für Violoncello Solo BWV 1007 in der Bearbeitung von Schumann für Cello und Klavier bearbeitet für CelloensembleF. Mendelssohn &#8220;Denn er hat seinen Engeln&#8221; aus „Elias“P. Casals &#8220;Song of the birds&#8221; bearbeitet für 8 [&hellip;]</p>
