{"id":4837,"date":"2026-04-27T08:45:29","date_gmt":"2026-04-27T06:45:29","guid":{"rendered":"https:\/\/sebastiandiezig.com\/wordpress\/?page_id=4837"},"modified":"2026-04-27T08:45:32","modified_gmt":"2026-04-27T06:45:32","slug":"konzerte-2027","status":"publish","type":"page","link":"https:\/\/sebastiandiezig.com\/wordpress\/konzerte-2027\/","title":{"rendered":"Konzerte 2027"},"content":{"rendered":"\n<p>Samstag, 2.1.2027, Neuenkirch &#8211; Termin provisorisch reserviert<br>Kammermusik mit Jonas Erni (Violine),  Alexander Besa (Viola) und Sebastian Diezig<\/p>\n\n\n\n<p>Programm tbd<\/p>\n\n\n\n<p>&#8212;<\/p>\n\n\n\n<p>15.2.-21.2.2027 &#8211; Provisorisch reserviert f\u00fcr Konzerte mit J\u00e9r\u00f4me Kuhn (Dirigent)<\/p>\n\n\n\n<p>Programm tbd<\/p>\n\n\n\n<p>&#8212;<\/p>\n\n\n\n<p>Samstag, 13.3.2027, Horw<br>&#8220;Resonanzen&#8221;<\/p>\n\n\n\n<p>Felix Mendelssohn: Aus der Sonate in B-Dur, Allegro vivace<br>Sergeij Rachmaninov:  Aus der Sonate in g-moll, Andante &#8211; Allegro scherzando<\/p>\n\n\n\n<p>Carla Deplazes, Klavier<br>Sebastian Diezig, Cello<\/p>\n","protected":false},"excerpt":{"rendered":"<p>Samstag, 2.1.2027, Neuenkirch &#8211; Termin provisorisch reserviertKammermusik mit Jonas Erni (Violine), Alexander Besa (Viola) und Sebastian Diezig Programm tbd &#8212; 15.2.-21.2.2027 &#8211; Provisorisch reserviert f\u00fcr Konzerte mit J\u00e9r\u00f4me Kuhn (Dirigent) Programm tbd &#8212; Samstag, 13.3.2027, Horw&#8220;Resonanzen&#8221; Felix Mendelssohn: Aus der Sonate in B-Dur, Allegro vivaceSergeij Rachmaninov: Aus der Sonate in g-moll, Andante &#8211; Allegro scherzando [&hellip;]<\/p>\n","protected":false},"author":1,"featured_media":0,"parent":0,"menu_order":0,"comment_status":"closed","ping_status":"closed","template":"","meta":{"footnotes":""},"class_list":["post-4837","page","type-page","status-publish","hentry"],"jetpack_sharing_enabled":true,"_links":{"self":[{"href":"https:\/\/sebastiandiezig.com\/wordpress\/wp-json\/wp\/v2\/pages\/4837","targetHints":{"allow":["GET"]}}],"collection":[{"href":"https:\/\/sebastiandiezig.com\/wordpress\/wp-json\/wp\/v2\/pages"}],"about":[{"href":"https:\/\/sebastiandiezig.com\/wordpress\/wp-json\/wp\/v2\/types\/page"}],"author":[{"embeddable":true,"href":"https:\/\/sebastiandiezig.com\/wordpress\/wp-json\/wp\/v2\/users\/1"}],"replies":[{"embeddable":true,"href":"https:\/\/sebastiandiezig.com\/wordpress\/wp-json\/wp\/v2\/comments?post=4837"}],"version-history":[{"count":1,"href":"https:\/\/sebastiandiezig.com\/wordpress\/wp-json\/wp\/v2\/pages\/4837\/revisions"}],"predecessor-version":[{"id":4838,"href":"https:\/\/sebastiandiezig.com\/wordpress\/wp-json\/wp\/v2\/pages\/4837\/revisions\/4838"}],"wp:attachment":[{"href":"https:\/\/sebastiandiezig.com\/wordpress\/wp-json\/wp\/v2\/media?parent=4837"}],"curies":[{"name":"wp","href":"https:\/\/api.w.org\/{rel}","templated":true}]}}

<p>Samstag, 2.1.2027, Neuenkirch &#8211; Termin provisorisch reserviert<br>Kammermusik mit Jonas Erni (Violine),  Alexander Besa (Viola) und Sebastian Diezig</p>



<p>Programm tbd</p>



<p>&#8212;</p>



<p>15.2.-21.2.2027 &#8211; Provisorisch reserviert für Konzerte mit Jérôme Kuhn (Dirigent)</p>



<p>Programm tbd</p>



<p>&#8212;</p>



<p>Samstag, 13.3.2027, Horw<br>&#8220;Resonanzen&#8221;</p>



<p>Felix Mendelssohn: Aus der Sonate in B-Dur, Allegro vivace<br>Sergeij Rachmaninov:  Aus der Sonate in g-moll, Andante &#8211; Allegro scherzando</p>



<p>Carla Deplazes, Klavier<br>Sebastian Diezig, Cello</p>

<p>Samstag, 2.1.2027, Neuenkirch &#8211; Termin provisorisch reserviertKammermusik mit Jonas Erni (Violine), Alexander Besa (Viola) und Sebastian Diezig Programm tbd &#8212; 15.2.-21.2.2027 &#8211; Provisorisch reserviert für Konzerte mit Jérôme Kuhn (Dirigent) Programm tbd &#8212; Samstag, 13.3.2027, Horw&#8220;Resonanzen&#8221; Felix Mendelssohn: Aus der Sonate in B-Dur, Allegro vivaceSergeij Rachmaninov: Aus der Sonate in g-moll, Andante &#8211; Allegro scherzando [&hellip;]</p>
