{"id":596,"date":"2013-08-30T12:54:26","date_gmt":"2013-08-30T10:54:26","guid":{"rendered":"http:\/\/sebastiandiezig.com\/wordpress\/?page_id=596"},"modified":"2023-01-05T00:55:07","modified_gmt":"2023-01-04T22:55:07","slug":"partner","status":"publish","type":"page","link":"https:\/\/sebastiandiezig.com\/wordpress\/partner\/","title":{"rendered":"Partner"},"content":{"rendered":"<h4><\/h4>\n<p><a href=\"http:\/\/sebastiandiezig.com\/wordpress\/wp-content\/uploads\/2013\/08\/cello.jpeg\"><img loading=\"lazy\" decoding=\"async\" src=\"http:\/\/sebastiandiezig.com\/wordpress\/wp-content\/uploads\/2013\/08\/cello.jpeg\" alt=\"cello\" width=\"71\" height=\"46\" \/><\/a><\/p>\n<h4><strong>Cellisten:<\/strong><\/h4>\n<p><a href=\"http:\/\/www.thomasdemenga.ch\/\" target=\"_parent\" rel=\"noopener\">Thomas Demenga<\/a>\u00a0(Mein Lehrer in Basel 2004-2008)<br \/>\n<a href=\"http:\/\/www.quatuorsinenomine.ch\/\" target=\"_parent\" rel=\"noopener\">Marc Jaermann<\/a>\u00a0(Mein Lehrer in Lausanne 2000-2004)<br \/>\nPierre-Bernard Sudan (Mein Lehrer in Fribourg 1989-2000)<br \/>\n<a href=\"http:\/\/www.mattiazappa.com\/\" target=\"_parent\" rel=\"noopener\">Mattia Zappa<\/a><\/p>\n<p><img loading=\"lazy\" decoding=\"async\" class=\"alignnone size-full wp-image-601\" src=\"http:\/\/sebastiandiezig.com\/wordpress\/wp-content\/uploads\/2013\/08\/violin.jpeg\" alt=\"violin\" width=\"73\" height=\"55\" \/><\/p>\n<h4><strong>Geigerin:<\/strong><\/h4>\n<p><a href=\"http:\/\/www.PaulaNovoa.com\">Paula Novoa Diezig<\/a> (Meine Frau ist Geigerin)<\/p>\n<p><a href=\"http:\/\/sebastiandiezig.com\/wordpress\/wp-content\/uploads\/2013\/08\/piano.jpeg\"><img loading=\"lazy\" decoding=\"async\" src=\"http:\/\/sebastiandiezig.com\/wordpress\/wp-content\/uploads\/2013\/08\/piano.jpeg\" alt=\"piano\" width=\"71\" height=\"53\" \/><\/a><\/p>\n<h4><strong>Pianisten:<\/strong><\/h4>\n<p><a href=\"http:\/\/www.riccardobovino.com\/\" target=\"_parent\" rel=\"noopener\">Riccardo Bovino<br \/>\n<\/a><a href=\"http:\/\/www.benjaminengeli.com\/\" target=\"_parent\" rel=\"noopener\">Benjamin Engeli<br \/>\n<\/a>Anton Kernjak<br \/>\nEtienne Murith<br \/>\n<a href=\"http:\/\/www.raphaelsudan.net\/\" target=\"_parent\" rel=\"noopener\">Rapha\u00ebl Sudan<\/a><br \/>\n<a href=\"http:\/\/www.carlwolf.de\/\" target=\"_parent\" rel=\"noopener\">Carl Wolf<br \/>\n<\/a><\/p>\n<h4><a href=\"http:\/\/sebastiandiezig.com\/wordpress\/wp-content\/uploads\/2013\/08\/item1a.jpeg\"><img loading=\"lazy\" decoding=\"async\" src=\"http:\/\/sebastiandiezig.com\/wordpress\/wp-content\/uploads\/2013\/08\/item1a.jpeg\" alt=\"item1a\" width=\"73\" height=\"55\" \/><\/a><\/h4>\n<h4><strong>Alte Musik:<\/strong><\/h4>\n<p><a href=\"http:\/\/www.silvianowak.ch\/\" target=\"_parent\" rel=\"noopener\">Silvia Nowak<\/a><\/p>\n<p><img loading=\"lazy\" decoding=\"async\" class=\"alignnone wp-image-4185 \" src=\"http:\/\/sebastiandiezig.com\/wordpress\/wp-content\/uploads\/2023\/01\/Sebastian-Diezig-und-Rene-Perler-1-580x321.png\" alt=\"\" width=\"168\" height=\"93\" srcset=\"https:\/\/sebastiandiezig.com\/wordpress\/wp-content\/uploads\/2023\/01\/Sebastian-Diezig-und-Rene-Perler-1-580x321.png 580w, https:\/\/sebastiandiezig.com\/wordpress\/wp-content\/uploads\/2023\/01\/Sebastian-Diezig-und-Rene-Perler-1-416x230.png 416w, https:\/\/sebastiandiezig.com\/wordpress\/wp-content\/uploads\/2023\/01\/Sebastian-Diezig-und-Rene-Perler-1-940x520.png 940w, https:\/\/sebastiandiezig.com\/wordpress\/wp-content\/uploads\/2023\/01\/Sebastian-Diezig-und-Rene-Perler-1-768x425.png 768w, https:\/\/sebastiandiezig.com\/wordpress\/wp-content\/uploads\/2023\/01\/Sebastian-Diezig-und-Rene-Perler-1-695x384.png 695w, https:\/\/sebastiandiezig.com\/wordpress\/wp-content\/uploads\/2023\/01\/Sebastian-Diezig-und-Rene-Perler-1-271x150.png 271w, https:\/\/sebastiandiezig.com\/wordpress\/wp-content\/uploads\/2023\/01\/Sebastian-Diezig-und-Rene-Perler-1.png 1024w\" sizes=\"auto, (max-width: 168px) 100vw, 168px\" \/><\/p>\n<p><strong>Bassbariton:<\/strong><\/p>\n<p>Ren\u00e9 Perler<\/p>\n<h4><a href=\"http:\/\/sebastiandiezig.com\/wordpress\/wp-content\/uploads\/2013\/08\/conductor.jpeg\"><img loading=\"lazy\" decoding=\"async\" src=\"http:\/\/sebastiandiezig.com\/wordpress\/wp-content\/uploads\/2013\/08\/conductor.jpeg\" alt=\"conductor\" width=\"78\" height=\"56\" \/><\/a><\/h4>\n<h4><strong>Solist unter\u00a0folgenden Dirigenten:<\/strong><\/h4>\n<p>Alexander Beer<a href=\"http:\/\/www.hslu.ch\/hochschule-luzern\/h-ueber-uns\/h-person.htm?id_person=605781&amp;id_teilschule=25648&amp;row=135\"><br \/>\nBeat Bl\u00e4ttler<br \/>\n<\/a><a style=\"line-height: 1.5;\" href=\"http:\/\/www.rodolfofischer.com\/\" target=\"_parent\" rel=\"noopener\">Rodolfo Fischer<br \/>\n<\/a><a style=\"line-height: 1.5em;\" href=\"http:\/\/www.rodolfofischer.com\/\" target=\"_parent\" rel=\"noopener\">Laurent Gendre<br \/>\n<\/a><span style=\"line-height: 1.5em;\">Julian Gibbons<br \/>\n<a href=\"http:\/\/www.kevingriffiths.ch\/?lang=de#!\">Kevin Griffiths<\/a><br \/>\n<\/span><span style=\"line-height: 1.5em;\">Alexandru Ianos<br \/>\n<a href=\"http:\/\/www.ojf.ch\/LA-DIRECTION.php\">Th\u00e9ophanis Kapsopoulos<\/a><br \/>\n<a href=\"http:\/\/www.praguesymphonicensemble.com\/c_en\/725\/about-us\/\">J\u00e9r\u00f4me Kuhn<\/a><br \/>\n<\/span><span style=\"line-height: 1.5em;\"><a href=\"http:\/\/www.pascalmayer.ch\/\">Pascal Maye<\/a><\/span><a href=\"http:\/\/www.pascalmayer.ch\/\">r<br \/>\n<\/a><a style=\"line-height: 1.5;\" href=\"http:\/\/www.schultsz.com\/\" target=\"_parent\" rel=\"noopener\">Jan Schultsz<br \/>\n<\/a><a href=\"http:\/\/www.hyperion-records.co.uk\/a.asp?a=A348&amp;name=shelley\" target=\"_parent\" rel=\"noopener\">Howard Shelley<\/a><\/p>\n<p><a href=\"http:\/\/sebastiandiezig.com\/wordpress\/wp-content\/uploads\/2013\/08\/sebastiandiezigs.jpeg\"><img loading=\"lazy\" decoding=\"async\" src=\"http:\/\/sebastiandiezig.com\/wordpress\/wp-content\/uploads\/2013\/08\/sebastiandiezigs.jpeg\" alt=\"sebastiandiezigs\" width=\"77\" height=\"51\" \/><\/a><\/p>\n<h4><strong><a name=\"Orchesterpartner\"><\/a>Zusammenarbeit mit folgenden Orchestern:<\/strong><\/h4>\n<p><a href=\"http:\/\/www.sinfonieorchester.ch\/\" target=\"_parent\" rel=\"noopener\">Luzerner Sinfonieorchester (Sebastian ist stv. Solo-Cellist in diesem Orchester)<br \/>\n<\/a><a href=\"http:\/\/www.sinfonieorchesterbasel.ch\/\" target=\"_parent\" rel=\"noopener\">Sinfonieorchester Basel (als Solist)<br \/>\n<\/a><a href=\"http:\/\/www.tonhalle.ch\/\" target=\"_parent\" rel=\"noopener\">Tonhalle Orchester Z\u00fcrich (als Praktikant)<br \/>\n<\/a><a href=\"http:\/\/www.orchestradellasvizzeraitaliana.ch\/\" target=\"_parent\" rel=\"noopener\">Orchestra della Svizzera Italiana (als Solist)<br \/>\n<\/a><a href=\"http:\/\/www.ocf.ch\">Freiburger Kammerorchester (als Solist)<\/a><br \/>\n<a href=\"http:\/\/www.praguesymphonicensemble.com\/\">Prague Symphonic Ensemble<\/a>\u00a0(als Solist)<br \/>\nPhilharmonisches Orchester Budweis (als Solist)<br \/>\n<a href=\"http:\/\/www.kuenstlerhausboswil.ch\/boswiler-sommer.html\" target=\"_parent\" rel=\"noopener\">Concerto Boswil (als Solist)<br \/>\n<\/a>Ensemble Leonhard Basel (als Solist)<br \/>\n<a href=\"http:\/\/www.hm-kerns.ch\">Harmoniemusik Kerns (als Solist)<br \/>\n<\/a><a href=\"http:\/\/www.ojf.ch\/\" target=\"_parent\" rel=\"noopener\">Orchestre des Jeunes de Fribourg (als Solist)<br \/>\n<\/a><a href=\"http:\/\/www.unifr.ch\/ovuf\/\" target=\"_parent\" rel=\"noopener\">Orchestre de la Ville et de l&#8217;Universit\u00e9 de Fribourg (als Solist)<br \/>\n<\/a><a href=\"http:\/\/www.trirhenum.ch\/\" target=\"_parent\" rel=\"noopener\">Sinfonieorchester TriRhenum Basel (als Solist)<\/a><br \/>\n<a href=\"https:\/\/www.gstaadacademy.ch\/de\/play-at\/play-at-amateurorchester\/amateurorchesterwoche\">Play@Gstaad Menuhin Festival Amateurorchester (als Solist)<\/a><\/p>\n<p><a href=\"http:\/\/sebastiandiezig.com\/wordpress\/wp-content\/uploads\/2013\/08\/chor.jpeg\"><img loading=\"lazy\" decoding=\"async\" src=\"http:\/\/sebastiandiezig.com\/wordpress\/wp-content\/uploads\/2013\/08\/chor.jpeg\" alt=\"chor\" width=\"82\" height=\"52\" \/><\/a><\/p>\n<h4><strong>Solist mit Chor:<\/strong><\/h4>\n<p><a href=\"http:\/\/www.unifr.ch\/ccuf\/\" target=\"_parent\" rel=\"noopener\">Choeur de chambre de l&#8217;Universit\u00e9 de Fribourg (als Solist)<\/a><\/p>\n<p><a href=\"http:\/\/sebastiandiezig.com\/wordpress\/wp-content\/uploads\/2013\/08\/lucernefestival.png\"><img loading=\"lazy\" decoding=\"async\" src=\"http:\/\/sebastiandiezig.com\/wordpress\/wp-content\/uploads\/2013\/08\/lucernefestival.png\" alt=\"lucernefestival\" width=\"193\" height=\"24\" \/><\/a><\/p>\n<h4><strong><a name=\"Festivals\"><\/a>Einladungen zu\u00a0Festivals und Konzertserien:<\/strong><\/h4>\n<p><a href=\"http:\/\/www.quatuorsinenomine.ch\/festival\/\" target=\"_parent\" rel=\"noopener\">Festival Sine Nomine Lausanne (Rezital m. Klavier)<br \/>\n<\/a>Steirischer Kammermusiksommer Graz (Kammermusik)<br \/>\n<a href=\"http:\/\/www.vivacello.ch\/\" target=\"_parent\" rel=\"noopener\">VivaCello Liestal (Kammermusik)<br \/>\n<\/a><a href=\"http:\/\/www.kuenstlerhausboswil.ch\/boswiler-sommer.html\" target=\"_parent\" rel=\"noopener\">Boswiler Sommer (als Solist m. Orchester)<br \/>\n<\/a><a href=\"http:\/\/www.lucernefestival.ch\/de\/\" target=\"_parent\" rel=\"noopener\">Lucerne Festival (mit Bach Suiten)<br \/>\n<\/a><a href=\"http:\/\/www.davosfestival.ch\/\" target=\"_parent\" rel=\"noopener\">Young Artists in Concert Davos (Sonaten + Kammermusik)<br \/>\n<\/a><a href=\"http:\/\/www.nazard.org\/dm\/\" target=\"_parent\" rel=\"noopener\">D\u00e9couvertes Musicales Le Locle (Kammermusik)<br \/>\n<\/a><a href=\"http:\/\/www.fetesmusicalesdebulle.ch\/index.html\">F\u00eates Musicales de Bulle (Sonaten)<br \/>\n<\/a><a href=\"http:\/\/www.concertsfribourg.ch\/accueil.html\">Soci\u00e9t\u00e9 des Concerts de Fribourg<\/a><a href=\"http:\/\/www.fetesmusicalesdebulle.ch\/index.html\"><br \/>\n<\/a><\/p>\n<h4><a href=\"http:\/\/sebastiandiezig.com\/wordpress\/wp-content\/uploads\/2013\/08\/unterschriftanto.jpeg\"><img loading=\"lazy\" decoding=\"async\" src=\"http:\/\/sebastiandiezig.com\/wordpress\/wp-content\/uploads\/2013\/08\/unterschriftanto.jpeg\" alt=\"unterschriftanto\" width=\"206\" height=\"60\" \/><\/a><\/h4>\n<h4><strong>Internationale Wettbewerbserfolge:<\/strong><\/h4>\n<p><a href=\"http:\/\/www.antoniojanigro.com.hr\/\" target=\"_parent\" rel=\"noopener\">Antonio Janigro International Cello Competition (Spezialpreis f\u00fcr bestes Pflichtst\u00fcck)<br \/>\n<\/a><a href=\"http:\/\/www.giannibergamoaward.ch\/\" target=\"_parent\" rel=\"noopener\">Gianni Bergamo Classic Award Lugano (3. Preis)<\/a><\/p>\n<h4><a href=\"http:\/\/sebastiandiezig.com\/wordpress\/wp-content\/uploads\/2013\/08\/quatuorsinenomin.jpeg\"><img loading=\"lazy\" decoding=\"async\" src=\"http:\/\/sebastiandiezig.com\/wordpress\/wp-content\/uploads\/2013\/08\/quatuorsinenomin.jpeg\" alt=\"quatuorsinenomin\" width=\"78\" height=\"61\" \/><\/a><\/h4>\n<h4><strong>Streichquartette:<\/strong><\/h4>\n<p><a href=\"http:\/\/www.vectorq.ch\">Vector Quartet Luzern (mein eigenes Streichquartett)<br \/>\n<\/a><a href=\"http:\/\/www.quatuorsinenomine.ch\/\" target=\"_parent\" rel=\"noopener\">Quatuor Sine Nomine Lausanne (das Streichquartett meines Lehrers Marc Jaermann)<br \/>\n<\/a><a href=\"http:\/\/amarquartett.ch\/\" target=\"_parent\" rel=\"noopener\">Amar Quartett Z\u00fcrich (Kammermusik)<\/a><\/p>\n<p><a href=\"http:\/\/sebastiandiezig.com\/wordpress\/wp-content\/uploads\/2013\/08\/partne3.gif\"><img loading=\"lazy\" decoding=\"async\" src=\"http:\/\/sebastiandiezig.com\/wordpress\/wp-content\/uploads\/2013\/08\/partne3.gif\" alt=\"partne3\" width=\"67\" height=\"82\" \/><\/a><\/p>\n<h4><strong>Improvisation:<\/strong><\/h4>\n<p><a href=\"http:\/\/www.musicforspaces.ch\/\" target=\"_parent\" rel=\"noopener\">Walter F\u00e4hndrich<\/a><\/p>\n<p><a href=\"http:\/\/sebastiandiezig.com\/wordpress\/wp-content\/uploads\/2013\/08\/musikhochschuleb.jpeg\"><img loading=\"lazy\" decoding=\"async\" src=\"http:\/\/sebastiandiezig.com\/wordpress\/wp-content\/uploads\/2013\/08\/musikhochschuleb.jpeg\" alt=\"musikhochschuleb\" width=\"75\" height=\"50\" \/><\/a><\/p>\n<h4><strong>Studierte an:<\/strong><\/h4>\n<p><a href=\"http:\/\/www.hsm-basel.ch\/\" target=\"_parent\" rel=\"noopener\">Musikhochschule Basel (Bei Thomas Demenga, 2004 &#8211; 2008)<br \/>\n<\/a><a href=\"http:\/\/www.cdlhem.ch\/\" target=\"_parent\" rel=\"noopener\">Musikhochschule Lausanne (Bei Marc Jaermann, 2000 &#8211; 2004)<br \/>\n<\/a><a href=\"http:\/\/www.fr.ch\/cof\/fr\/pub\/index.cfm\">Konservatorium Fribourg (Bei Pierre-Bernard Sudan, 1990 &#8211; 2000)<\/a><\/p>\n<p><a href=\"http:\/\/sebastiandiezig.com\/wordpress\/wp-content\/uploads\/2013\/08\/Bild-21.jpg\"><img loading=\"lazy\" decoding=\"async\" class=\"alignnone wp-image-1313\" src=\"http:\/\/sebastiandiezig.com\/wordpress\/wp-content\/uploads\/2013\/08\/Bild-21-150x150.jpg\" alt=\"Cellooktett FriCelli, v.l.n.r.: Pierre-Bernard Sudan, Justine Pelnena-Chollet (sitzend), Sebastian Diezig, No\u00ebmie Grandjean, S\u00e9bastien Breguet, Diane D\u00e9glise, Nicolas Jungo &amp; Simon Zeller. Foto: Charly Rappo\" width=\"120\" height=\"80\" srcset=\"https:\/\/sebastiandiezig.com\/wordpress\/wp-content\/uploads\/2013\/08\/Bild-21-416x277.jpg 416w, https:\/\/sebastiandiezig.com\/wordpress\/wp-content\/uploads\/2013\/08\/Bild-21-580x386.jpg 580w, https:\/\/sebastiandiezig.com\/wordpress\/wp-content\/uploads\/2013\/08\/Bild-21-940x625.jpg 940w, https:\/\/sebastiandiezig.com\/wordpress\/wp-content\/uploads\/2013\/08\/Bild-21-695x462.jpg 695w, https:\/\/sebastiandiezig.com\/wordpress\/wp-content\/uploads\/2013\/08\/Bild-21.jpg 1800w\" sizes=\"auto, (max-width: 120px) 100vw, 120px\" \/><\/a><\/p>\n<h4><strong>Cellooktett:<br \/>\n<\/strong><a href=\"http:\/\/www.fricelli.com\">Les FriCelli<\/a><\/h4>\n<h4><strong>Komponisten:<\/strong><\/h4>\n<p><a href=\"http:\/\/www.joachimjesse.com\/\" target=\"_parent\" rel=\"noopener\">Joachim Jesse<br \/>\n<\/a><a href=\"http:\/\/www.laurentmettraux.com\/\" target=\"_parent\" rel=\"noopener\">Laurent Mettraux<\/a><\/p>\n","protected":false},"excerpt":{"rendered":"<p>Cellisten: Thomas Demenga\u00a0(Mein Lehrer in Basel 2004-2008) Marc Jaermann\u00a0(Mein Lehrer in Lausanne 2000-2004) Pierre-Bernard Sudan (Mein Lehrer in Fribourg 1989-2000) Mattia Zappa Geigerin: Paula Novoa Diezig (Meine Frau ist Geigerin) Pianisten: Riccardo Bovino Benjamin Engeli Anton Kernjak Etienne Murith Rapha\u00ebl Sudan Carl Wolf Alte Musik: Silvia Nowak Bassbariton: Ren\u00e9 Perler Solist unter\u00a0folgenden Dirigenten: Alexander Beer [&hellip;]<\/p>\n","protected":false},"author":1,"featured_media":597,"parent":0,"menu_order":0,"comment_status":"open","ping_status":"open","template":"","meta":{"footnotes":""},"class_list":["post-596","page","type-page","status-publish","has-post-thumbnail","hentry"],"jetpack_sharing_enabled":true,"_links":{"self":[{"href":"https:\/\/sebastiandiezig.com\/wordpress\/wp-json\/wp\/v2\/pages\/596","targetHints":{"allow":["GET"]}}],"collection":[{"href":"https:\/\/sebastiandiezig.com\/wordpress\/wp-json\/wp\/v2\/pages"}],"about":[{"href":"https:\/\/sebastiandiezig.com\/wordpress\/wp-json\/wp\/v2\/types\/page"}],"author":[{"embeddable":true,"href":"https:\/\/sebastiandiezig.com\/wordpress\/wp-json\/wp\/v2\/users\/1"}],"replies":[{"embeddable":true,"href":"https:\/\/sebastiandiezig.com\/wordpress\/wp-json\/wp\/v2\/comments?post=596"}],"version-history":[{"count":23,"href":"https:\/\/sebastiandiezig.com\/wordpress\/wp-json\/wp\/v2\/pages\/596\/revisions"}],"predecessor-version":[{"id":4200,"href":"https:\/\/sebastiandiezig.com\/wordpress\/wp-json\/wp\/v2\/pages\/596\/revisions\/4200"}],"wp:featuredmedia":[{"embeddable":true,"href":"https:\/\/sebastiandiezig.com\/wordpress\/wp-json\/wp\/v2\/media\/597"}],"wp:attachment":[{"href":"https:\/\/sebastiandiezig.com\/wordpress\/wp-json\/wp\/v2\/media?parent=596"}],"curies":[{"name":"wp","href":"https:\/\/api.w.org\/{rel}","templated":true}]}}