{"id":891,"date":"2013-12-11T13:28:36","date_gmt":"2013-12-11T11:28:36","guid":{"rendered":"http:\/\/sebastiandiezig.com\/wordpress\/?page_id=891"},"modified":"2024-07-02T03:17:21","modified_gmt":"2024-07-02T01:17:21","slug":"biographie-en-francais","status":"publish","type":"page","link":"https:\/\/sebastiandiezig.com\/wordpress\/biographie-en-francais\/","title":{"rendered":"Biographie (en fran\u00e7ais)"},"content":{"rendered":"<div><\/div>\n<ul>\n<li><strong>3\u00e8me prix<\/strong> aux \u200b\u200bconcours international de violoncelle de Lugano &#8220;Gianni Bergamo&#8221; 2008<\/li>\n<li><strong>Prix \u200b\u200bsp\u00e9cial<\/strong> au concours international de Violoncelle Zagreb &#8220;Antonio Janigro&#8221; 2008<\/li>\n<li><strong>Violoncelliste solo rempla\u00e7ant<\/strong> \u00e0 <a href=\"http:\/\/www.sinfonieorchester.ch\">l&#8217;Orchestre symphonique de Lucerne<\/a><\/li>\n<\/ul>\n<p>Le violoncelliste suisse Sebastian Diezig (*1983 \u00e0 Fribourg) est un soliste et musicien de chambre sollicit\u00e9. Il a \u00e9tudi\u00e9 avec Pierre-Bernard Sudan, Marc Jaermann et finalement avec <a href=\"http:\/\/www.thomasdemenga.ch\">Thomas Demenga<\/a>. C&#8217;est aupr\u00e8s de ce dernier qu&#8217;il a termin\u00e9 ses \u00e9tudes avec un dipl\u00f4me de soliste brillant en 2008. Sebastian Diezig a gagn\u00e9 des prix \u00e0 des nombreux concours, notamment le 3\u00e8me prix \u200b\u200bau concours international de Violoncelle de Lugano (2008) et le prix sp\u00e9cial pour la meilleure interpr\u00e9tation de la pi\u00e8ce impos\u00e9e au concours international de violoncelle de Zagreb (2008). Depuis 2010, Sebastian Diezig est engag\u00e9 comme violoncelle solo rempla\u00e7ant \u00e0 l&#8217;Orchestre Symphonique de Lucerne, avec lequel il se produit comme musicien d&#8217;orchestre au <a title=\"Gagenverhandlung f\u00fcr klassische Musiker\" href=\"http:\/\/www.kkl-luzern.ch\/\">KKL<\/a> de Lucerne au <a href=\"http:\/\/www.luzernertheater.ch\">th\u00e9\u00e2tre de Lucerne<\/a> ainsi que r\u00e9guli\u00e8rement dans des grandes capitales europ\u00e9ennes, asiatiques et de l&#8217;Am\u00e9rique latine. En tant que soliste il a jou\u00e9 avec des orchestres tels que l&#8217;Orchestre symphonique de B\u00e2le, l&#8217;Orchestre della Svizzera Italiana, l&#8217;Orchestre de Chambre de Fribourg et bien d&#8217;autres encore ainsi que dans des festivals de renom tels que le Festival de Lucerne, les &#8220;Jeunes Artistes en Concert de Davos&#8221;, le \u00a0&#8220;Sine Nomine Festival&#8221; \u00e0 Lausanne, le Menuhin Festival Gstaad et d&#8217;autres en Suisse, en Allemagne, en Autriche, en Belgique et au Luxembourg. Sebastian Diezig est \u00e9galement actif comme compositeur. Jusqu&#8217;\u00e0 pr\u00e9sent il a \u00e9crit, cr\u00e9\u00e9 et enregistr\u00e9 pour <a href=\"http:\/\/www.youtube.com\/user\/MrCellissimo\">sa cha\u00eene Youtube<\/a>, entre autres, les pi\u00e8ces pour violoncelle solo virtuose &#8220;<a title=\"Video: Sebastian Diezig: Top Gun Variations for cello solo (2012)\" href=\"http:\/\/sebastiandiezig.com\/wordpress\/video-sebastian-diezig-top-gun-variations-for-cello-solo-2012\/\">Top Gun Variations<\/a>&#8221; (2012) et &#8220;<a title=\"Video: Sebastian Diezig: Blues for cello solo (2007)\" href=\"http:\/\/sebastiandiezig.com\/wordpress\/video-sebastian-diezig-blues-for-cello-solo-2007\/\">Blues<\/a> &#8221; (2007). Plus r\u00e9cemment il y a publi\u00e9 ses enregistrements vid\u00e9o de l&#8217;int\u00e9grale des Caprices d&#8217;Alfredo Piatti. Actuellement il poursuit un projet similaire avec les 40 \u00e9tudes &#8220;High School&#8221; de David Popper. Sebastian Diezig est mari\u00e9 avec la violoniste Paula Novoa.<\/p>\n","protected":false},"excerpt":{"rendered":"<p>3\u00e8me prix aux \u200b\u200bconcours international de violoncelle de Lugano &#8220;Gianni Bergamo&#8221; 2008 Prix \u200b\u200bsp\u00e9cial au concours international de Violoncelle Zagreb &#8220;Antonio Janigro&#8221; 2008 Violoncelliste solo rempla\u00e7ant \u00e0 l&#8217;Orchestre symphonique de Lucerne Le violoncelliste suisse Sebastian Diezig (*1983 \u00e0 Fribourg) est un soliste et musicien de chambre sollicit\u00e9. Il a \u00e9tudi\u00e9 avec Pierre-Bernard Sudan, Marc Jaermann [&hellip;]<\/p>\n","protected":false},"author":1,"featured_media":0,"parent":0,"menu_order":0,"comment_status":"open","ping_status":"open","template":"","meta":{"footnotes":""},"class_list":["post-891","page","type-page","status-publish","hentry"],"jetpack_sharing_enabled":true,"_links":{"self":[{"href":"https:\/\/sebastiandiezig.com\/wordpress\/wp-json\/wp\/v2\/pages\/891","targetHints":{"allow":["GET"]}}],"collection":[{"href":"https:\/\/sebastiandiezig.com\/wordpress\/wp-json\/wp\/v2\/pages"}],"about":[{"href":"https:\/\/sebastiandiezig.com\/wordpress\/wp-json\/wp\/v2\/types\/page"}],"author":[{"embeddable":true,"href":"https:\/\/sebastiandiezig.com\/wordpress\/wp-json\/wp\/v2\/users\/1"}],"replies":[{"embeddable":true,"href":"https:\/\/sebastiandiezig.com\/wordpress\/wp-json\/wp\/v2\/comments?post=891"}],"version-history":[{"count":16,"href":"https:\/\/sebastiandiezig.com\/wordpress\/wp-json\/wp\/v2\/pages\/891\/revisions"}],"predecessor-version":[{"id":4430,"href":"https:\/\/sebastiandiezig.com\/wordpress\/wp-json\/wp\/v2\/pages\/891\/revisions\/4430"}],"wp:attachment":[{"href":"https:\/\/sebastiandiezig.com\/wordpress\/wp-json\/wp\/v2\/media?parent=891"}],"curies":[{"name":"wp","href":"https:\/\/api.w.org\/{rel}","templated":true}]}}

Biographie (en français)

<div></div>
<ul>
<li><strong>3ème prix</strong> aux ​​concours international de violoncelle de Lugano &#8220;Gianni Bergamo&#8221; 2008</li>
<li><strong>Prix ​​spécial</strong> au concours international de Violoncelle Zagreb &#8220;Antonio Janigro&#8221; 2008</li>
<li><strong>Violoncelliste solo remplaçant</strong> à <a href="http://www.sinfonieorchester.ch">l&#8217;Orchestre symphonique de Lucerne</a></li>
</ul>
<p>Le violoncelliste suisse Sebastian Diezig (*1983 à Fribourg) est un soliste et musicien de chambre sollicité. Il a étudié avec Pierre-Bernard Sudan, Marc Jaermann et finalement avec <a href="http://www.thomasdemenga.ch">Thomas Demenga</a>. C&#8217;est auprès de ce dernier qu&#8217;il a terminé ses études avec un diplôme de soliste brillant en 2008. Sebastian Diezig a gagné des prix à des nombreux concours, notamment le 3ème prix ​​au concours international de Violoncelle de Lugano (2008) et le prix spécial pour la meilleure interprétation de la pièce imposée au concours international de violoncelle de Zagreb (2008). Depuis 2010, Sebastian Diezig est engagé comme violoncelle solo remplaçant à l&#8217;Orchestre Symphonique de Lucerne, avec lequel il se produit comme musicien d&#8217;orchestre au <a title="Gagenverhandlung für klassische Musiker" href="http://www.kkl-luzern.ch/">KKL</a> de Lucerne au <a href="http://www.luzernertheater.ch">théâtre de Lucerne</a> ainsi que régulièrement dans des grandes capitales européennes, asiatiques et de l&#8217;Amérique latine. En tant que soliste il a joué avec des orchestres tels que l&#8217;Orchestre symphonique de Bâle, l&#8217;Orchestre della Svizzera Italiana, l&#8217;Orchestre de Chambre de Fribourg et bien d&#8217;autres encore ainsi que dans des festivals de renom tels que le Festival de Lucerne, les &#8220;Jeunes Artistes en Concert de Davos&#8221;, le  &#8220;Sine Nomine Festival&#8221; à Lausanne, le Menuhin Festival Gstaad et d&#8217;autres en Suisse, en Allemagne, en Autriche, en Belgique et au Luxembourg. Sebastian Diezig est également actif comme compositeur. Jusqu&#8217;à présent il a écrit, créé et enregistré pour <a href="http://www.youtube.com/user/MrCellissimo">sa chaîne Youtube</a>, entre autres, les pièces pour violoncelle solo virtuose &#8220;<a title="Video: Sebastian Diezig: Top Gun Variations for cello solo (2012)" href="http://sebastiandiezig.com/wordpress/video-sebastian-diezig-top-gun-variations-for-cello-solo-2012/">Top Gun Variations</a>&#8221; (2012) et &#8220;<a title="Video: Sebastian Diezig: Blues for cello solo (2007)" href="http://sebastiandiezig.com/wordpress/video-sebastian-diezig-blues-for-cello-solo-2007/">Blues</a> &#8221; (2007). Plus récemment il y a publié ses enregistrements vidéo de l&#8217;intégrale des Caprices d&#8217;Alfredo Piatti. Actuellement il poursuit un projet similaire avec les 40 études &#8220;High School&#8221; de David Popper. Sebastian Diezig est marié avec la violoniste Paula Novoa.</p>

<p>3ème prix aux ​​concours international de violoncelle de Lugano &#8220;Gianni Bergamo&#8221; 2008 Prix ​​spécial au concours international de Violoncelle Zagreb &#8220;Antonio Janigro&#8221; 2008 Violoncelliste solo remplaçant à l&#8217;Orchestre symphonique de Lucerne Le violoncelliste suisse Sebastian Diezig (*1983 à Fribourg) est un soliste et musicien de chambre sollicité. Il a étudié avec Pierre-Bernard Sudan, Marc Jaermann [&hellip;]</p>
